1110101110
In base 12, what is 36478 + 53?
3650b
In base 13, what is -5766777 + 44?
-5766733
In base 7, what is -13602436345 - 2?
-13602436350
In base 7, what is -4 - 143344446?
-143344453
In base 5, what is -32324243 - -2423?
-32321320
In base 4, what is 1303 + -1023101211?
-1023033302
In base 11, what is -2222072 - 29?
-22220a0
In base 14, what is -262db - -14b?
-26190
In base 2, what is -10010100011110001010 + -101011?
-10010100011110110101
In base 11, what is -46130514 - -2?
-46130512
In base 11, what is -5387963 - 1?
-5387964
In base 3, what is -1110 + -222101021212?
-222101100022
In base 12, what is b358b + 6a?
b3639
In base 8, what is -13 - -113441?
113426
In base 11, what is 7744 - -21?
7765
In base 10, what is -6264162 - -14?
-6264148
In base 6, what is -22013 - 20014?
-42031
In base 15, what is -b9798c7 - -1?
-b9798c6
In base 7, what is 26563 - 5511?
21052
In base 16, what is d + 5a6fe?
5a70b
In base 2, what is -10000010001000110100110 - -1100101?
-10000010001000101000001
In base 6, what is 0 - 30534124?
-30534124
In base 15, what is 878cb + -29?
878a2
In base 13, what is -15566 - -911?
-14955
In base 8, what is 2700146 + 0?
2700146
In base 12, what is 8a8 - 5815?
-4b29
In base 15, what is 17e148 + -2?
17e146
In base 3, what is 11102002 - -100210110?
112012112
In base 9, what is 1131 - -412727?
413858
In base 4, what is 1020101 + -331300?
22201
In base 11, what is 465392 + 131?
465513
In base 2, what is -110111110100000111110100 - -1000?
-110111110100000111101100
In base 5, what is -34012444 - 133?
-34013132
In base 5, what is -3144343342 - -4?
-3144343333
In base 4, what is 11300210 - -1222101?
13122311
In base 15, what is -1 + -1310ee?
-131100
In base 3, what is 1211012 + -111021002221?
-111012021202
In base 6, what is -1205441 - 1305?
-1211150
In base 12, what is -701901 - -9?
-7018b4
In base 3, what is 112112010 - -2122221?
122012001
In base 13, what is 2 - -6493894?
6493896
In base 4, what is 122100 + 1021023?
1203123
In base 14, what is 1 + 1cb9248?
1cb9249
In base 2, what is -101111100011100000010001 - 11110?
-101111100011100000101111
In base 2, what is -1000101011000111 - -10010111100?
-1000011000001011
In base 15, what is 3771 - 4aee?
-137d
In base 12, what is -36 - 2375b36?
-2375b70
In base 16, what is 7 - -2844?
284b
In base 7, what is -1031 + 3106645?
3105614
In base 11, what is 3 + -140a5a5?
-140a5a2
In base 6, what is -202154 + 55345?
-102405
In base 15, what is 4 + 2a1869?
2a186d
In base 7, what is -4 - 12010041556?
-12010041563
In base 7, what is -41452515 + 35?
-41452450
In base 13, what is 18 + -558a657?
-558a63c
In base 15, what is -10 - 8b0638?
-8b0648
In base 15, what is 12d - -69438?
69566
In base 15, what is -b + 3aa4a?
3aa3e
In base 13, what is 2 + -bb8a3b?
-bb8a39
In base 5, what is 44 + 1224310004?
1224310103
In base 2, what is 110 - -1001011000001001010?
1001011000001010000
In base 9, what is -13430 - 14803?
-28333
In base 8, what is -2666022 + -6?
-2666030
In base 12, what is 2 - -734401?
734403
In base 10, what is 2413 - 157858?
-155445
In base 16, what is -137c2 - 7?
-137c9
In base 6, what is -344504 - -225?
-344235
In base 2, what is 100000010110001110001100 - 1100?
100000010110001110000000
In base 16, what is -229 - 7f287?
-7f4b0
In base 16, what is 6 + -a3a8f4a?
-a3a8f44
In base 10, what is 2 - -17700597?
17700599
In base 4, what is -1001230320 - 12233?
-1001303213
In base 4, what is 23023 - 11100222?
-11011133
In base 14, what is -a423 - 6217?
-1263a
In base 8, what is 302567 - -30?
302617
In base 6, what is -2040125131 + -11?
-2040125142
In base 10, what is -2 + -3280924?
-3280926
In base 11, what is 14476 - -1418?
15893
In base 2, what is -1101000001100 + 10101110001?
-1010010011011
In base 16, what is 47c + -1768?
-12ec
In base 10, what is 912 + 155196?
156108
In base 12, what is -22017 - -270?
-21967
In base 6, what is 54114542 + -443?
54114055
In base 13, what is -8 - 799850?
-799858
In base 12, what is -5 + -5368a1?
-5368a6
In base 14, what is 344 - -83b11?
84055
In base 6, what is 4 + -3223535225?
-3223535221
In base 9, what is -13553 + 544?
-13008
In base 16, what is -2c2b + 21f5?
-a36
In base 3, what is -21110112 - 10021220021?
-10120100210
In base 4, what is 201 - 310001213122?
-310001212321
In base 5, what is 203204321 - 3?
203204313
In base 5, what is -142043120 - 3?
-142043123
In base 10, what is -120044368 + -2?
-120044370
In base 4, what is 13032000 + 333?
13032333
In base 2, what is 11100101011000000011110011000 - 1?
11100101011000000011110010111
In base 6, what is 2303434 - -23350?
2331224
In base 5, what is 431343404 - 224?
431343130
In base 7, what is -2432311242 - -4?
-2432311235
In base 6, what is 343453000 - -1?
343453001
In base 10, what is 47020 + -786?
46234
In base 12, what is -1759 - 821?
-237a
In base 13, what is b90 + 4976?
5836
In base 6, what is 1215251223 - 4?
1215251215
In base 9, what is -7138 - -80556?
72417
In base 14, what is -1853a5d - 1?
-1853a60
In base 5, what is -3133442 + 24?
-3133413
In base 8, what is -240003125 + 5?
-240003120
In base 14, what is 1196adc + 14?
1196b12
In base 12, what is -1598aa47b + 0?
-1598aa47b
In base 16, what is -2 + 5721eb?
5721e9
In base 14, what is -17594c5 + -2c?
-1759513
In base 14, what is 1bb + 4c0a?
4dc7
In base 6, what is -1411503 + -3004?
-1414511
In base 2, what is 110010110110 + 10100101?
110101011011
In base 11, what is 2504 - -3662a?
39033
In base 2, what is 11101 - -1010000100011110?
1010000100111011
In base 4, what is -31 + -10301211113?
-10301211210
In base 10, what is -22914646 - 25?
-22914671
In base 10, what is 61489 + 137?
61626
In base 12, what is 123 + 3bb4a?
40071
In base 3, what is -11 - 20021110120102002?
-20021110120102020
In base 2, what is -11010011101 + 1000001011101110?
111110001010001
In base 11, what is -29 - -553184?
553156
In base 11, what is 276 - -59401?
59677
In base 4, what is -13020313320 + -2?
-13020313322
In base 5, what is -3 + 12212121202?
12212121144
In base 8, what is -1523157505 + -1?
-1523157506
In base 6, what is 44323045 + 3533?
44331022
In base 8, what is 3 + -551310626?
-551310623
In base 12, what is -55 + 137221?
137188
In base 10, what is 893869 + 3?
893872
In base 12, what is 46a79 - 410?
46669
In base 16, what is 0 + -1280cf2?
-1280cf2
In base 3, what is 1001111122200101 + -100?
1001111122200001
In base 11, what is 0 - 9976429?
-9976429
In base 10, what is -4 + -59438626?
-59438630
In base 4, what is -20 + -33023300232?
-33023300312
In base 13, what is -10094427 - -3?
-10094424
In base 2, what is 10010010100011011100101011 - 0?
10010010100011011100101011
In base 14, what is -14c33 + 256c?
-126a5
In base 6, what is 20 + -1245044543?
-1245044523
In base 12, what is 568567 + -8?
56855b
In base 14, what is 61d539 - d?
61d52a
In base 7, what is 13 + 446254126?
446254142
In base 11, what is 8028 + 6382?
133aa
In base 13, what is 35a622 - -1?
35a623
In base 5, what is -100420 + 3424212?
3323242
In base 3, what is 121021212 - 1212122?
112102020
In base 12, what is -87 + -2690b?
-26996
In base 14, what is -c8dc6 + 9?
-c8dbb
In base 13, what is -12 + 285ab1?
285a9c
In base 12, what is 192 + -287769?
-287597
In base 6, what is 0 + -134100410?
-134100410
In base 15, what is -e - -273890?
273881
In base 4, what is -1112213200 + 30?
-1112213110
In base 9, what is -26 - 10546085?
-10546122
In base 8, what is 64617235 - 12?
64617223
In base 12, what is -237074 + -11?
-237085
In base 2, what is 101 + -101010100100000100011010000?
-101010100100000100011001011
In base 10, what is -508 + -25563?
-26071
In base 6, what is -252133 - -143144?
-104545
In base 3, what is 1002022021 + 12012?
1002111110
In base 2, what is -10 - -100001010110110000110001100?
100001010110110000110001010
In base 6, what is 15 - -114345043?
114345102
In base 7, what is 4 - -413352331?
413352335
In base 4, what is -10331233 + 321201?
-10010032
In base 7, what is -4 + 135552531?
135552524
In base 8, what is 3237 + -4350?
-1111
In base 16, what is 37f937 + 2?
37f939
In base 6, what is 144330 + 125312?
314042
In base 10, what is -11198 - 49672?
-60870
In base 12, what is 1745 - 160b?
136
In base 7, what is 5 - -22640246?
22640254
In base 8, what is 43 - -253051?
253114
In base 12, what is 0 - 24a9820?
-24a9820
In base 8, wha